3 + i**2 - i + 1. Let a(y) = -d(y) - 4*l(y). List the prime factors of a(5).
2
Suppose 0 = 4*a - 5*r + 52 - 6618, 3*r - 8226 = -5*a. List the prime factors of a.
2, 3, 137
Suppose 0 = -2*n + 67 + 105. List the prime factors of n.
2, 43
Suppose -3*h - 2*v + 1678 = -2*h, 3*v - 6722 = -4*h. What are the prime factors of h?
2, 29
Let x = 385 + 85. List the prime factors of x.
2, 5, 47
Let l = -35 + 24. Let z = l + -14. List the prime factors of z*1*12/(-15).
2, 5
Suppose 3*k = -4*q + 2275, -7*k = 3*q - 6*k - 1710. List the prime factors of q.
571
Suppose -1520 = 2*g - 5040. List the prime factors of g.
2, 5, 11
Suppose -17*o + 73 = -2868. What are the prime factors of o?
173
Let m(u) = 4*u**3 + 63*u**2 + 42*u - 10. What are the prime factors of m(-14)?
2, 3, 43
Let z = -12 + 17. Let b(w) = -w**2 - 24*w + 28. Let h be b(-25). Suppose 5*s + z = -4*i - 1, -14 = -h*s + 2*i. What are the prime factors of s?
2
Let y(a) = -a**3 + 3*a**2 + 2*a + 2. Let g be y(3). Suppose 2*b + 4*u = 222, -4*b + g*u - 5*u + 422 = 0. Suppose -19 = 4*r - b. What are the prime factors of r?
2, 11
Let t(f) = 10*f - 6 - 42 + 5*f + 11. List the prime factors of t(7).
2, 17
Let n(f) = f**3 + 2*f**2 + 4*f - 43. List the prime factors of n(7).
2, 3, 71
Suppose -2*n - 2*t - 8 = 0, 4*n - 5*t + 16 = -0*n. What are the prime factors of (n - 2104/(-12)) + (-3)/9?
3, 19
Suppose -14*r = 281 + 139. Suppose -9 = -0*n + 3*n. List the prime factors of -4*n*r/(-9).
2, 5
Suppose 4*m + 6 = 2*j - 40, -5*m + 3*j - 57 = 0. What are the prime factors of m/(-8) - (-186)/12?
17
Let q = 110 - 25. Let u = -4 + q. List the prime factors of u.
3
Let k be 39 + (2 - (1 + 0)). Suppose k = c + 4*c - 3*o, 4*c + 2*o = 10. Suppose 16 - 96 = -c*f. List the prime factors of f.
2
Suppose -3*i + 13 = -s, 2*i - 9 = -0*s + s. Suppose i = g + 1, -272 = -4*f - 4*g. List the prime factors of f.
5, 13
Let a be -1 - 22/(6/3). List the prime factors of (a/(-8) + (-1 - 0))*156.
2, 3, 13
Suppose 5*l - 20 = l. Let u(m) = -3*m**3 - 7*m - l*m**2 + 2*m**3 - 5 - 2*m**2 + 12. What are the prime factors of u(-6)?
13
Suppose -b + 4*c = -172, -c = 4*c - 15. Suppose 7*v = 3*v + b. List the prime factors of (v/2 - 0) + 3.
2, 13
Let l = -13 + 8. Let r(t) = -3*t - 12. Let x be r(l). Suppose -x*o = 2*o - 40. What are the prime factors of o?
2
Suppose 2*p = p + 2. Suppose -p*k - 2*k = 16. What are the prime factors of 12 + k + (-1)/(-1)?
3
Suppose -2*k = -4*q + 1492, -5*q = -6*q + k + 373. What are the prime factors of q?
373
Let d(f) = -f**2 + 11*f + 12. Let c be d(12). Suppose -5*h - l + 344 = c, h + 124 = 3*h - 3*l. Suppose 0 + h = 2*k. List the prime factors of k.
2, 17
Let l be (-6)/(3*2/6). Let q be (0 - l/(-15))*-20. Let g = 15 - q. What are the prime factors of g?
7
Let b(k) = k**3 - 6*k**2 + 6*k. Let j be b(7). Let z = 59 + j. List the prime factors of ((-8)/10)/((-5)/z).
2, 3
Let f = -13 - -6. Let m(s) = -s**3 - 6*s**2 + 9*s + 8. Let a be m(f). What are the prime factors of (-142)/a - (-6)/(-9)?
23
Let r(k) = 204*k**2 + 12*k + 31. List the prime factors of r(-3).
1831
Suppose -9*h + 435 = -8*h. What are the prime factors of h?
3, 5, 29
Suppose 0 = -3*c + 4*f + 35, 5*f + 61 - 16 = 4*c. Let h = 330 - 183. Suppose 0 = 2*p - d - h, c*d - 72 = -3*p + 181. List the prime factors of p.
2, 19
Let z(q) = -q**2 + 21*q - 12. Let u be z(21). List the prime factors of (u/9)/((-3)/108).
2, 3
Let i be ((35/(-5))/21)/(1/(-192)). Suppose -3*m = 3*w, 3*m - 3*w - 11 = 1. Suppose 5*q - 70 = 3*z, -i = -5*q + m*z + 11. What are the prime factors of q?
17
Let x be (-8 - -2)*(-15)/10. Suppose 4*j + x + 7 = 0. What are the prime factors of j/(-4) - (-3 - 42)?
2, 23
Let j(b) = 29*b**2 - 6*b + 2. What are the prime factors of j(4)?
2, 13, 17
What are the prime factors of 3 + -5*(-183)/15?
2
Let k = 201 + 99. What are the prime factors of k?
2, 3, 5
Suppose -281*g = -296*g + 11610. List the prime factors of g.
2, 3, 43
Suppose 0 = d + 2*y + 6, -3*d + 1 = 5*y + 16. Suppose -t + 5*x + 101 = d, 613 = -0*t + 5*t + 2*x. List the prime factors of t.
11
Suppose 11339 = -44*k + 61*k. List the prime factors of k.
23, 29
Suppose -111 - 287 = -2*n. What are the prime factors of n?
199
Let d = 99 + -25. Let k = -26 + d. Let q = k - 19. What are the prime factors of q?
29
Let r(p) = 148 - 96*p - p**2 + 48*p + 46*p. What are the prime factors of r(0)?
2, 37
Suppose -4*n - n = 0. Let u(y) = 10 - 4*y + 6*y + 5*y + y**2 + n*y**2. List the prime factors of u(-7).
2, 5
Suppose -2*l - 1512 = -3*u - 351, 0 = 3*u + 3*l - 1161. List the prime factors of u.
3, 43
Suppose -13 + 112 = 11*q. Suppose 2*b = q*b - 1225. What are the prime factors of b?
5, 7
Let q(c) = c + 202. Let j be q(0). Suppose -131 = -4*i - 3*n, 4*i + 4*n = -74 + j. Let a = 62 - i. List the prime factors of a.
3
Suppose 12 = 3*h - 36. Let m(a) = a**3 + 7*a**2 + 6*a + 3. Let f be m(-5). Let w = f - h. What are the prime factors of w?
7
Suppose 3*d = 2*x - 7*x + 1374, 3*x + 2324 = 5*d. Suppose 0 = 6*y + d - 1363. What are the prime factors of y?
2, 3, 5
Let t(x) = x**3 - 5*x**2 - 2*x + 16. Let d be t(5). What are the prime factors of (d - 8)*-2*16?
2
Let j(f) be the second derivative of f**3/3 - 7*f**2/2 + 8*f. What are the prime factors of j(5)?
3
Suppose -205*a = -203*a - 1104. What are the prime factors of a?
2, 3, 23
Let j(t) = -4*t**2 + 8*t - 6. Let a be j(6). Let u = a - -56. What are the prime factors of 12/(-42) - u/14?
3
Suppose -5*j - 32 = -4*m - j, 0 = -3*j - 15. Let c = 0 - -2. List the prime factors of c + (6 - m - 2).
3
Let i(l) = 394*l + 2. Let y be i(1). Suppose 10*o - 2534 = y. What are the prime factors of o?
293
Suppose -21*a + 26*a - 1950 = 0. List the prime factors of a.
2, 3, 5, 13
List the prime factors of (3 - 7 - -5)*(-5 - -347).
2, 3, 19
Let k = 1500 + -931. Let f = k - 931. List the prime factors of f/(-13) - 6/(-39).
2, 7
Suppose 3*p = 4*m + 4139, -13*p + m - 2752 = -15*p. List the prime factors of p.
3, 17
Let k be ((-14)/6)/(1/(-3)). Suppose -4*h - k*s = -2*s - 276, 3*s = 3*h - 180. List the prime factors of h.
2
Suppose a - d = 1, 3*d - 2*d = 3*a - 1. Suppose 5*z = -2*b + 36, a = 5*z - 8 - 2. Let f = 71 - b. List the prime factors of f.
2, 29
Suppose 0 = 4*z - 4 - 8. Let f(u) = u**3 - 5*u**2 - 8*u. Let n(j) = j**2 + j. Let o(x) = f(x) + 6*n(x). What are the prime factors of o(z)?
2, 3, 5
Let k(b) be the first derivative of b**3/3 + 2*b**2 - 2*b - 2. Let z be k(-5). Suppose -20 = -3*g - 2*n, z*n - 10 - 2 = 0. List the prime factors of g.
2
Suppose 0 = -y - 2. List the prime factors of (-5 - y) + 126 + 0.
3, 41
Let d(i) = -29*i + 4. Let u(o) = 2*o**2 - 20*o - 25. Let v be u(11). What are the prime factors of d(v)?
7, 13
Let p = 927 - 586. List the prime factors of p.
11, 31
Let r = -315 + 94. Let n = -131 - r. What are the prime factors of n?
2, 3, 5
Let d = -27 + 30. Suppose 6*y = d*k + 2*y + 1, k - 3*y = -7. Suppose 2*t + j - 125 = 31, -87 = -t - k*j. What are the prime factors of t?
7, 11
Let r = -369 + 648. What are the prime factors of r?
3, 31
Suppose -90 = -p - m - 317, 5*m - 20 = 0. Let c = 404 + p. List the prime factors of c.
173
Let c be 0/(2 + 2 - 2). Suppose 3*f - 222 + 18 = c. Suppose -6*m + f = -2*m. List the prime factors of m.
17
Let c(a) = 2*a**3 - 15*a**2 - 6*a + 61. What are the prime factors of c(10)?
3, 167
Suppose -4*o = -3*r - 10, 8*r - o + 16 = 5*r. Let u = r - -105. Suppose u = -2*t + 7*t + 3*w, -t + 5*w + 31 = 0. List the prime factors of t.
3, 7
What are the prime factors of (-6 - -5)*5 + (-396)/(-2)?
193
Suppose 2*t + 12 = 4*g, 5*t - g + 44 = -5*g. Let c(l) = l + 7. Let r be c(t). Let y(z) = 16*z**2 + 2*z + 1. What are the prime factors of y(r)?
3, 5
Let t = 21 + -20. Let u be t/(3 - 0 - 2). What are the prime factors of u*4/1 - -11?
3, 5
Suppose 0 + 3 = m. Suppose 2*f = n + 142, 2*n + 73 = m*f - 138. What are the prime factors of f?
73
Let w(z) = -2*z**3 + 0*z + 1 - z**2 + 2 + 3*z. Suppose 14 = -3*v - 4*d, -v - d - 2 = 2. List the prime factors of w(v).
3
Let x(d) be the second derivative of -7*d**3/3 - 13*d**2/2 - 9*d. Let f(c) = 5*c + 4. Let v(w) = -11*f(w) - 4*x(w). What are the prime factors of v(11)?
19
Suppose 0 = -a + 8 - 4. Suppose 0 = -a*x - p + 36 - 3, -5*x + 5*p + 60 = 0. Suppose g = x + 3. List the prime factors of g.
2, 3
Let z(t) = 111*t**2